{"id":342,"date":"2025-12-11T01:17:36","date_gmt":"2025-12-11T01:17:36","guid":{"rendered":"https:\/\/sienaeducacion.com\/espanaenlibertad\/?post_type=portfolio&#038;p=342"},"modified":"2025-12-12T14:24:00","modified_gmt":"2025-12-12T14:24:00","slug":"clara-campoamor-un-voto-para-despertar","status":"publish","type":"portfolio","link":"https:\/\/sienaeducacion.com\/espanaenlibertad\/peliculas\/clara-campoamor-un-voto-para-despertar\/","title":{"rendered":"Clara Campoamor. Un voto para despertar"},"content":{"rendered":"\n<p><\/p>\n\n\n\n<p><strong>SINOPSIS<\/strong><\/p>\n\n\n\n<p><strong>Clara Campoamor. Un voto para despertar <\/strong>es un documental que reconstruye la figura de la diputada que consigui\u00f3 el derecho al voto para las mujeres en la Segunda Rep\u00fablica. A trav\u00e9s de un viaje simb\u00f3lico que imagina su regreso desde el exilio, el documental recorre los espacios m\u00e1s significativos de su vida: su barrio, su despacho de abogada, el Ateneo y el Congreso, mientras revive los debates parlamentarios en los que defendi\u00f3 con firmeza la igualdad pol\u00edtica entre hombres y mujeres.<\/p>\n\n\n\n<p>El relato combina material de archivo, dramatizaciones y testimonios de historiadoras, pol\u00edticas y periodistas que contextualizan su lucha, las resistencias que afront\u00f3 (incluidas las de su propio partido) y el coste personal que supuso su compromiso, que culmin\u00f3 en un exilio irreversible. El documental pone en valor su coherencia \u00e9tica, su legado feminista y la vigencia de su defensa de los derechos civiles.<\/p>\n","protected":false},"excerpt":{"rendered":"<p>SINOPSIS Clara Campoamor. Un voto para despertar es un documental que reconstruye la figura de la diputada que consigui\u00f3 el derecho al voto para las mujeres en la Segunda Rep\u00fablica. A trav\u00e9s de un viaje simb\u00f3lico que imagina su regreso desde el exilio, el documental recorre los espacios m\u00e1s significativos de su vida: su barrio, [&hellip;]<\/p>\n","protected":false},"featured_media":343,"menu_order":0,"template":"","meta":{"footnotes":""},"portfolio-cat":[],"portfolio-tag":[25],"portfolio-filter":[26],"class_list":["post-342","portfolio","type-portfolio","status-publish","has-post-thumbnail","hentry","portfolio-tag-uncategorized","portfolio-filter-uncategorized"],"_links":{"self":[{"href":"https:\/\/sienaeducacion.com\/espanaenlibertad\/wp-json\/wp\/v2\/portfolio\/342","targetHints":{"allow":["GET"]}}],"collection":[{"href":"https:\/\/sienaeducacion.com\/espanaenlibertad\/wp-json\/wp\/v2\/portfolio"}],"about":[{"href":"https:\/\/sienaeducacion.com\/espanaenlibertad\/wp-json\/wp\/v2\/types\/portfolio"}],"version-history":[{"count":4,"href":"https:\/\/sienaeducacion.com\/espanaenlibertad\/wp-json\/wp\/v2\/portfolio\/342\/revisions"}],"predecessor-version":[{"id":467,"href":"https:\/\/sienaeducacion.com\/espanaenlibertad\/wp-json\/wp\/v2\/portfolio\/342\/revisions\/467"}],"wp:featuredmedia":[{"embeddable":true,"href":"https:\/\/sienaeducacion.com\/espanaenlibertad\/wp-json\/wp\/v2\/media\/343"}],"wp:attachment":[{"href":"https:\/\/sienaeducacion.com\/espanaenlibertad\/wp-json\/wp\/v2\/media?parent=342"}],"wp:term":[{"taxonomy":"portfolio-cat","embeddable":true,"href":"https:\/\/sienaeducacion.com\/espanaenlibertad\/wp-json\/wp\/v2\/portfolio-cat?post=342"},{"taxonomy":"portfolio-tag","embeddable":true,"href":"https:\/\/sienaeducacion.com\/espanaenlibertad\/wp-json\/wp\/v2\/portfolio-tag?post=342"},{"taxonomy":"portfolio-filter","embeddable":true,"href":"https:\/\/sienaeducacion.com\/espanaenlibertad\/wp-json\/wp\/v2\/portfolio-filter?post=342"}],"curies":[{"name":"wp","href":"https:\/\/api.w.org\/{rel}","templated":true}]}}

<p></p>



<p><strong>SINOPSIS</strong></p>



<p><strong>Clara Campoamor. Un voto para despertar </strong>es un documental que reconstruye la figura de la diputada que consiguió el derecho al voto para las mujeres en la Segunda República. A través de un viaje simbólico que imagina su regreso desde el exilio, el documental recorre los espacios más significativos de su vida: su barrio, su despacho de abogada, el Ateneo y el Congreso, mientras revive los debates parlamentarios en los que defendió con firmeza la igualdad política entre hombres y mujeres.</p>



<p>El relato combina material de archivo, dramatizaciones y testimonios de historiadoras, políticas y periodistas que contextualizan su lucha, las resistencias que afrontó (incluidas las de su propio partido) y el coste personal que supuso su compromiso, que culminó en un exilio irreversible. El documental pone en valor su coherencia ética, su legado feminista y la vigencia de su defensa de los derechos civiles.</p>

<p>SINOPSIS Clara Campoamor. Un voto para despertar es un documental que reconstruye la figura de la diputada que consiguió el derecho al voto para las mujeres en la Segunda República. A través de un viaje simbólico que imagina su regreso desde el exilio, el documental recorre los espacios más significativos de su vida: su barrio, [&hellip;]</p>
