{"id":2352,"date":"2023-02-06T18:43:05","date_gmt":"2023-02-06T18:43:05","guid":{"rendered":"https:\/\/sienaeducacion.com\/aulacorto\/?page_id=2352"},"modified":"2026-01-21T00:29:03","modified_gmt":"2026-01-21T00:29:03","slug":"guias-didacticas","status":"publish","type":"page","link":"https:\/\/sienaeducacion.com\/cineclub\/guias-didacticas\/","title":{"rendered":"Gu\u00edas did\u00e1cticas"},"content":{"rendered":"<div class=\"passster-form\" id=\"ps-713\">\n    <form class=\"password-form\" method=\"post\" autocomplete=\"off\" target=\"_top\">\n        <span class=\"ps-form-headline\">\u00c1rea protegida<\/span>\n        <div class=\"ps-form-instructions-wrap\">S\u00f3lo podr\u00e1n acceder a esta informaci\u00f3n las personas que dispongan de un c\u00f3digo autorizado.<\/div>\n        <fieldset>\n            <span class=\"ps-loader\" style=\"display:none;\"><img class=\"lazyload\" decoding=\"async\" src=\"data:image\/gif;base64,R0lGODlhAQABAAAAACH5BAEKAAEALAAAAAABAAEAAAICTAEAOw==\" data-orig-src=\"https:\/\/sienaeducacion.com\/cineclub\/wp-content\/plugins\/content-protector-premium\/assets\/public\/ps-loader.svg\" alt=\"\" \/><\/span>\n            <label for=\"input-ps-713\" style=\"display:none;\" class=\"passster-hidden\">Enter your password<\/label>\n            <input placeholder=\"Ingrese su c\u00f3digo de acceso\" type=\"password\" tabindex=\"1\" name=\"passster_password\"\n                   id=\"input-ps-713\" class=\"passster-password\" autocomplete=\"off\"\n                   data-protection-type=\"password-list\" data-list=\"5510\" data-lists=\"[PASSSTER_LISTS]\" data-area=\"[PASSSTER_AREA]\"\n                   data-protection=\"full\">\n            \n            <button name=\"submit\" type=\"submit\" class=\"passster-submit\" data-psid=\"ps-713\" data-post-id=\"2352\" data-term-id=\"0\" \n                    data-submit=\"...Checking Password\" data-redirect=\"\">Desbloquear\n            <\/button>\n            <div class=\"passster-error\"><\/div>\n        <\/fieldset>\n    <\/form>\n<\/div>\n","protected":false},"excerpt":{"rendered":"<div class=\"passster-form\" id=\"ps-713\">\n<form class=\"password-form\" method=\"post\" autocomplete=\"off\" target=\"_top\">\n        <span class=\"ps-form-headline\">\u00c1rea protegida<\/span><\/p>\n<div class=\"ps-form-instructions-wrap\">S\u00f3lo podr\u00e1n acceder a esta informaci\u00f3n las personas que dispongan de un c\u00f3digo autorizado.<\/div>\n<fieldset>\n            <span class=\"ps-loader\" style=\"display:none;\"><img decoding=\"async\" src=\"https:\/\/sienaeducacion.com\/cineclub\/wp-content\/plugins\/content-protector-premium\/assets\/public\/ps-loader.svg\" alt=\"\" \/><\/span><br \/>\n            <label for=\"input-ps-713\" style=\"display:none;\" class=\"passster-hidden\">Enter your password<\/label><br \/>\n            <input placeholder=\"Ingrese su c\u00f3digo de acceso\" type=\"password\" tabindex=\"1\" name=\"passster_password\"\n                   id=\"input-ps-713\" class=\"passster-password\" autocomplete=\"off\"\n                   data-protection-type=\"password-list\" data-list=\"5510\" data-lists=\"[PASSSTER_LISTS]\" data-area=\"[PASSSTER_AREA]\"\n                   data-protection=\"full\"><\/p>\n<p>            <button name=\"submit\" type=\"submit\" class=\"passster-submit\" data-psid=\"ps-713\" data-post-id=\"2352\" data-term-id=\"0\" \n                    data-submit=\"...Checking Password\" data-redirect=\"\">Desbloquear<br \/>\n            <\/button><\/p>\n<div class=\"passster-error\"><\/div>\n<\/fieldset><\/form>\n<\/div>\n","protected":false},"author":1,"featured_media":0,"parent":0,"menu_order":0,"comment_status":"closed","ping_status":"closed","template":"","meta":{"_acf_changed":false,"footnotes":""},"class_list":["post-2352","page","type-page","status-publish","hentry"],"acf":[],"yoast_head":"<!-- This site is optimized with the Yoast SEO plugin v27.5 - https:\/\/yoast.com\/product\/yoast-seo-wordpress\/ -->\n<title>Gu\u00edas did\u00e1cticas - CineClub - Educacine<\/title>\n<meta name=\"robots\" content=\"index, follow, max-snippet:-1, max-image-preview:large, max-video-preview:-1\" \/>\n<link rel=\"canonical\" href=\"https:\/\/sienaeducacion.com\/cineclub\/guias-didacticas\/\" \/>\n<meta property=\"og:locale\" content=\"es_ES\" \/>\n<meta property=\"og:type\" content=\"article\" \/>\n<meta property=\"og:title\" content=\"Gu\u00edas did\u00e1cticas - CineClub - Educacine\" \/>\n<meta property=\"og:description\" content=\"\u00c1rea protegida     S\u00f3lo podr\u00e1n acceder a esta informaci\u00f3n las personas que dispongan de un c\u00f3digo autorizado.                  Enter your password                    Desbloquear\" \/>\n<meta property=\"og:url\" content=\"https:\/\/sienaeducacion.com\/cineclub\/guias-didacticas\/\" \/>\n<meta property=\"og:site_name\" content=\"CineClub - Educacine\" \/>\n<meta property=\"article:modified_time\" content=\"2026-01-21T00:29:03+00:00\" \/>\n<meta name=\"twitter:card\" content=\"summary_large_image\" \/>\n<meta name=\"twitter:label1\" content=\"Tiempo de lectura\" \/>\n\t<meta name=\"twitter:data1\" content=\"4 minutos\" \/>\n<script type=\"application\/ld+json\" class=\"yoast-schema-graph\">{\"@context\":\"https:\\\/\\\/schema.org\",\"@graph\":[{\"@type\":\"WebPage\",\"@id\":\"https:\\\/\\\/sienaeducacion.com\\\/cineclub\\\/guias-didacticas\\\/\",\"url\":\"https:\\\/\\\/sienaeducacion.com\\\/cineclub\\\/guias-didacticas\\\/\",\"name\":\"Gu\u00edas did\u00e1cticas - CineClub - Educacine\",\"isPartOf\":{\"@id\":\"https:\\\/\\\/sienaeducacion.com\\\/cineclub\\\/#website\"},\"datePublished\":\"2023-02-06T18:43:05+00:00\",\"dateModified\":\"2026-01-21T00:29:03+00:00\",\"breadcrumb\":{\"@id\":\"https:\\\/\\\/sienaeducacion.com\\\/cineclub\\\/guias-didacticas\\\/#breadcrumb\"},\"inLanguage\":\"es\",\"potentialAction\":[{\"@type\":\"ReadAction\",\"target\":[\"https:\\\/\\\/sienaeducacion.com\\\/cineclub\\\/guias-didacticas\\\/\"]}]},{\"@type\":\"BreadcrumbList\",\"@id\":\"https:\\\/\\\/sienaeducacion.com\\\/cineclub\\\/guias-didacticas\\\/#breadcrumb\",\"itemListElement\":[{\"@type\":\"ListItem\",\"position\":1,\"name\":\"Portada\",\"item\":\"https:\\\/\\\/sienaeducacion.com\\\/cineclub\\\/\"},{\"@type\":\"ListItem\",\"position\":2,\"name\":\"Gu\u00edas did\u00e1cticas\"}]},{\"@type\":\"WebSite\",\"@id\":\"https:\\\/\\\/sienaeducacion.com\\\/cineclub\\\/#website\",\"url\":\"https:\\\/\\\/sienaeducacion.com\\\/cineclub\\\/\",\"name\":\"CineClub - Educacine\",\"description\":\"El portal de cine para colegios e institutos\",\"publisher\":{\"@id\":\"https:\\\/\\\/sienaeducacion.com\\\/cineclub\\\/#organization\"},\"potentialAction\":[{\"@type\":\"SearchAction\",\"target\":{\"@type\":\"EntryPoint\",\"urlTemplate\":\"https:\\\/\\\/sienaeducacion.com\\\/cineclub\\\/?s={search_term_string}\"},\"query-input\":{\"@type\":\"PropertyValueSpecification\",\"valueRequired\":true,\"valueName\":\"search_term_string\"}}],\"inLanguage\":\"es\"},{\"@type\":\"Organization\",\"@id\":\"https:\\\/\\\/sienaeducacion.com\\\/cineclub\\\/#organization\",\"name\":\"CineClub - Educacine\",\"url\":\"https:\\\/\\\/sienaeducacion.com\\\/cineclub\\\/\",\"logo\":{\"@type\":\"ImageObject\",\"inLanguage\":\"es\",\"@id\":\"https:\\\/\\\/sienaeducacion.com\\\/cineclub\\\/#\\\/schema\\\/logo\\\/image\\\/\",\"url\":\"https:\\\/\\\/sienaeducacion.com\\\/cineclub\\\/wp-content\\\/uploads\\\/2022\\\/03\\\/logo-aulacorto-footer.png\",\"contentUrl\":\"https:\\\/\\\/sienaeducacion.com\\\/cineclub\\\/wp-content\\\/uploads\\\/2022\\\/03\\\/logo-aulacorto-footer.png\",\"width\":234,\"height\":100,\"caption\":\"CineClub - Educacine\"},\"image\":{\"@id\":\"https:\\\/\\\/sienaeducacion.com\\\/cineclub\\\/#\\\/schema\\\/logo\\\/image\\\/\"}}]}<\/script>\n<!-- \/ Yoast SEO plugin. -->","yoast_head_json":{"title":"Gu\u00edas did\u00e1cticas - CineClub - Educacine","robots":{"index":"index","follow":"follow","max-snippet":"max-snippet:-1","max-image-preview":"max-image-preview:large","max-video-preview":"max-video-preview:-1"},"canonical":"https:\/\/sienaeducacion.com\/cineclub\/guias-didacticas\/","og_locale":"es_ES","og_type":"article","og_title":"Gu\u00edas did\u00e1cticas - CineClub - Educacine","og_description":"\u00c1rea protegida     S\u00f3lo podr\u00e1n acceder a esta informaci\u00f3n las personas que dispongan de un c\u00f3digo autorizado.                  Enter your password                    Desbloquear","og_url":"https:\/\/sienaeducacion.com\/cineclub\/guias-didacticas\/","og_site_name":"CineClub - Educacine","article_modified_time":"2026-01-21T00:29:03+00:00","twitter_card":"summary_large_image","twitter_misc":{"Tiempo de lectura":"4 minutos"},"schema":{"@context":"https:\/\/schema.org","@graph":[{"@type":"WebPage","@id":"https:\/\/sienaeducacion.com\/cineclub\/guias-didacticas\/","url":"https:\/\/sienaeducacion.com\/cineclub\/guias-didacticas\/","name":"Gu\u00edas did\u00e1cticas - CineClub - Educacine","isPartOf":{"@id":"https:\/\/sienaeducacion.com\/cineclub\/#website"},"datePublished":"2023-02-06T18:43:05+00:00","dateModified":"2026-01-21T00:29:03+00:00","breadcrumb":{"@id":"https:\/\/sienaeducacion.com\/cineclub\/guias-didacticas\/#breadcrumb"},"inLanguage":"es","potentialAction":[{"@type":"ReadAction","target":["https:\/\/sienaeducacion.com\/cineclub\/guias-didacticas\/"]}]},{"@type":"BreadcrumbList","@id":"https:\/\/sienaeducacion.com\/cineclub\/guias-didacticas\/#breadcrumb","itemListElement":[{"@type":"ListItem","position":1,"name":"Portada","item":"https:\/\/sienaeducacion.com\/cineclub\/"},{"@type":"ListItem","position":2,"name":"Gu\u00edas did\u00e1cticas"}]},{"@type":"WebSite","@id":"https:\/\/sienaeducacion.com\/cineclub\/#website","url":"https:\/\/sienaeducacion.com\/cineclub\/","name":"CineClub - Educacine","description":"El portal de cine para colegios e institutos","publisher":{"@id":"https:\/\/sienaeducacion.com\/cineclub\/#organization"},"potentialAction":[{"@type":"SearchAction","target":{"@type":"EntryPoint","urlTemplate":"https:\/\/sienaeducacion.com\/cineclub\/?s={search_term_string}"},"query-input":{"@type":"PropertyValueSpecification","valueRequired":true,"valueName":"search_term_string"}}],"inLanguage":"es"},{"@type":"Organization","@id":"https:\/\/sienaeducacion.com\/cineclub\/#organization","name":"CineClub - Educacine","url":"https:\/\/sienaeducacion.com\/cineclub\/","logo":{"@type":"ImageObject","inLanguage":"es","@id":"https:\/\/sienaeducacion.com\/cineclub\/#\/schema\/logo\/image\/","url":"https:\/\/sienaeducacion.com\/cineclub\/wp-content\/uploads\/2022\/03\/logo-aulacorto-footer.png","contentUrl":"https:\/\/sienaeducacion.com\/cineclub\/wp-content\/uploads\/2022\/03\/logo-aulacorto-footer.png","width":234,"height":100,"caption":"CineClub - Educacine"},"image":{"@id":"https:\/\/sienaeducacion.com\/cineclub\/#\/schema\/logo\/image\/"}}]}},"_links":{"self":[{"href":"https:\/\/sienaeducacion.com\/cineclub\/wp-json\/wp\/v2\/pages\/2352","targetHints":{"allow":["GET"]}}],"collection":[{"href":"https:\/\/sienaeducacion.com\/cineclub\/wp-json\/wp\/v2\/pages"}],"about":[{"href":"https:\/\/sienaeducacion.com\/cineclub\/wp-json\/wp\/v2\/types\/page"}],"author":[{"embeddable":true,"href":"https:\/\/sienaeducacion.com\/cineclub\/wp-json\/wp\/v2\/users\/1"}],"replies":[{"embeddable":true,"href":"https:\/\/sienaeducacion.com\/cineclub\/wp-json\/wp\/v2\/comments?post=2352"}],"version-history":[{"count":10,"href":"https:\/\/sienaeducacion.com\/cineclub\/wp-json\/wp\/v2\/pages\/2352\/revisions"}],"predecessor-version":[{"id":5706,"href":"https:\/\/sienaeducacion.com\/cineclub\/wp-json\/wp\/v2\/pages\/2352\/revisions\/5706"}],"wp:attachment":[{"href":"https:\/\/sienaeducacion.com\/cineclub\/wp-json\/wp\/v2\/media?parent=2352"}],"curies":[{"name":"wp","href":"https:\/\/api.w.org\/{rel}","templated":true}]}}